-17*r + 9*r = -576. Let p = -43 + r. What is the tens digit of p?
2
Let d(k) = k**2 - 16*k - 23. What is the units digit of d(-33)?
4
Let s = 164 + 2678. What is the units digit of s?
2
Let l(o) = 7*o**2 + o - 3. Let w be l(1). Suppose -8*s - w*s = -2509. What is the hundreds digit of s?
1
Suppose -1755 + 5787 = 18*q. What is the hundreds digit of q?
2
Let l(s) = 176*s**2 + s - 1. Let d be l(1). Suppose -861 = -5*x - d. Suppose -4*j - 5*n + x = 0, 4*j - 3*n + 0*n = 129. What is the tens digit of j?
3
Let k = -1236 + 1764. What is the tens digit of k?
2
Suppose -5*b + 2*b = -3*s - 252, 3*b - 252 = -2*s. Let n = b + -30. Let k = 82 - n. What is the tens digit of k?
2
Suppose -d + 148 = -2*t, 0*d = 3*d + t - 444. What is the tens digit of d?
4
Suppose -4 = 5*c - 14. What is the hundreds digit of (0 - 6 - -7)/(c/256)?
1
Let d = 156 - 31. Suppose 2*n = -11 + d. What is the units digit of n?
7
Suppose 0 = 13*w + 17*w - 24540. What is the units digit of w?
8
Let o = 391 + 371. What is the hundreds digit of o?
7
Suppose -3*o = 3, 5*o + 83 = -0*d + 3*d. Suppose -3*i - 2 = -d. Let f(l) = 3*l - 4. What is the tens digit of f(i)?
2
Suppose -5*i = -q - 7, -3*i + 7 = 3*q - 4*i. Suppose 4*g - q*g = -1. What is the units digit of g/(2/(-78)) - 0?
9
Suppose 1475 = -202*i + 207*i. What is the units digit of i?
5
Suppose 0 = 10*l + 349 - 26129. What is the tens digit of l?
7
Let n be (-1)/(1 + 8/(-4)). Let p be n/(10/(-12))*-25. Suppose 0 = -5*k + p. What is the units digit of k?
6
Suppose 2*m - 1793 = 811. What is the hundreds digit of m?
3
Let g(l) = -9*l**3 - 4*l**2 - 8*l - 6. Let b(p) = -7*p**3 - 5*p**2 - 8*p - 6. Let i(n) = -4*b(n) + 3*g(n). Let q = 8 + -14. What is the units digit of i(q)?
0
Suppose 0 = 9*g - 13*g - 2*u + 7788, g = 4*u + 1929. What is the tens digit of g?
4
Let b(r) = -r**2 - 11*r - 12. Let c be b(-9). What is the tens digit of 1966/18 - c/(-162)*-6?
0
Let b(m) = m**3 - 19*m**2 + 22*m + 12. What is the hundreds digit of b(19)?
4
Let a be 1/5 + 336/120. Let b(u) = -u**3 + 2*u**2 - 2*u - 1. Let s(x) = -x**2 + x. Let w(h) = -b(h) - s(h). What is the units digit of w(a)?
2
Let l(z) = z**3 + z**2 - 5*z + 367. What is the tens digit of l(0)?
6
Let u = -13 - -10. What is the tens digit of (285 - 1/u*-6) + -1?
8
Suppose 0 = -4*b + 4*w - 0*w + 352, -3*b + 5*w = -264. Let v = 134 - b. What is the units digit of v?
6
Let h(n) = 2*n + 23. Let y be h(-11). What is the hundreds digit of y/((-3)/(-15)*(-10)/(-222))?
1
What is the tens digit of (-52)/(-6)*(216 - 87)?
1
Let i(q) = q**3 + 9*q**2 + q + 4. Let b be (-3)/(-4) - (-14)/(-32)*20. What is the tens digit of i(b)?
6
Suppose u + 5*m - 53 = 0, u + 104 = 4*u + 4*m. Suppose 2*f + u = -2*f. Let n = f + 14. What is the units digit of n?
7
Suppose 0 = -v + 4. Suppose 2*i = -v*i + 90. What is the tens digit of 138*(i/(-10) + 2)?
6
Let b(v) = 22*v - 18. Let i = 20 - 9. Let g be b(i). Suppose 39 - g = -5*w. What is the units digit of w?
7
Let s = 48 - 46. Let a be 1/(-2 - 94/(-46)). Suppose s*p = p + a. What is the units digit of p?
3
Let t(l) be the second derivative of -l**3/2 - 3*l**2/2 + l. Let d be t(-2). Suppose u - 5*o + 24 = 80, d*o + 50 = u. What is the tens digit of u?
4
Let z = 4083 - 2443. What is the thousands digit of z?
1
Let u(v) = -v**2 - 19*v - 18. Let r be u(-16). Let t be 10/(-3)*(-36)/r. What is the tens digit of 2*39/24*t?
1
Let w(a) = 16*a**3 + 5*a**2 + 15*a - 40. What is the hundreds digit of w(5)?
1
Let g be (35 - 25/5)/2. Suppose -1944 = -g*l + 1161. What is the tens digit of l?
0
Suppose -3*w + 67 = -5*n, -4*n - 36 = w + w. Let k be (9 + n)/((-2)/4). Suppose 0 = -5*f + 3*l + 26, -4*f + k*l + 24 = -0*f. What is the units digit of f?
4
Let n(j) = j**3 + j**2 + j - 14. Suppose -2*r = -6*r. Let i be n(r). What is the units digit of (-1165)/(-35) - (-4)/i?
3
Suppose 4*r - 17 = -g + 5, 5*r - 27 = -g. Suppose 3*w + g*w = 0. Suppose 3*j + 3*n - 8*n + 9 = w, -4*j = 2*n - 14. What is the units digit of j?
2
Suppose -4*r + 13212 = s - 2*s, 5*s = 3*r - 9926. What is the thousands digit of r?
3
Let g(j) = j**2 - 10*j - 6. Let o be g(10). Let y be -2*27/12*o. Suppose -4*w = p - y, -2*p + 3*p = w - 8. What is the units digit of w?
7
Let k be (((-3)/2)/(-3))/(1/6). What is the tens digit of (-4)/k*(-2655)/30?
1
Let j be 4/(-3)*21/(-7). Suppose j*t = x - 14, 16 = 2*x - 5*t - 9. Suppose 0 = 4*b, 0 = 4*o - 2*b - x - 30. What is the tens digit of o?
1
Suppose -11*v - 16 = -12*v. Let q(n) = 4*n - 1. Let m be q(-2). What is the units digit of 84/m*(-24)/v?
4
Suppose 5*u + 57 = 3*p, -p + 42 = p - 2*u. Suppose 28*m - 92 = p*m. What is the units digit of m?
3
What is the hundreds digit of 4/(-14) + 12/(-7)*-209?
3
What is the units digit of ((-1737)/6)/((-14)/28)?
9
Suppose -2*h + 4*s = 6*s - 2130, 2*s = -4. What is the units digit of h?
7
Let i(p) = -p**3 + 13*p**2 - 12*p - 8. Let t be i(12). Let h = 26 - t. Let a = -10 + h. What is the tens digit of a?
2
Suppose 43*d - 36*d - 4326 = 0. What is the hundreds digit of d?
6
Let l = 98 - 98. What is the units digit of 6*(0 - -1) + l?
6
Suppose 5*y - 131 = 294. What is the tens digit of y?
8
Let n(o) = -o**2 + 19*o - 18. Let m be n(19). What is the tens digit of 34*((-2)/3)/(m/27)?
3
Suppose 227 = -3*w - 166. Let i(o) = -o**3 + 13*o**2 + 14*o + 22. Let s be i(13). Let g = w + s. What is the units digit of g?
3
Suppose 22*p - 4660 + 1756 = 0. What is the hundreds digit of p?
1
Suppose 4*k + 3*g - 5*g - 16 = 0, 3*k - 10 = 2*g. What is the tens digit of 781/33 + 2/k?
2
Suppose -2*u + 952 = l, 3*l - 952 = -2*u - 0*l. Suppose -p + 3*p = u. What is the hundreds digit of p?
2
Let h be ((-50)/(-6))/(2/18). Suppose -5*b = -2*a - a + h, 5*a - 2*b = 144. What is the tens digit of a?
3
Let i(x) = -3 + 6*x**2 - 2*x - 5*x**2 + 4*x. Let a be i(-4). Let w = 13 - a. What is the units digit of w?
8
Let y(r) = -4*r**3 - 5*r**2 + 6*r + 9. What is the hundreds digit of y(-5)?
3
Suppose 0 = -4*p - 3*v - 789 + 2865, 0 = 6*v - 24. What is the hundreds digit of p?
5
Let r(x) = -21*x + 18. Let h be r(-5). Suppose 0 = -3*i + 105 + h. What is the units digit of i?
6
Suppose -5*v + 7*o + 2705 = 4*o, 3*v + 3*o - 1647 = 0. Suppose -1114 = -4*p + 5*r, -5*p + v = -3*p + 4*r. What is the hundreds digit of p?
2
Let a(w) = -w + 11. Let n be a(9). Suppose -q + 14*l - 10*l = -233, 3*l + 491 = n*q. What is the hundreds digit of q?
2
Let o(g) = -15*g + 7. Let n be o(7). Let d be (n/(-4))/(-7)*34. Let y = -72 - d. What is the units digit of y?
7
What is the tens digit of 16*7/28 + 465?
6
Let s(x) = 283*x - 45. What is the hundreds digit of s(8)?
2
Suppose 0 = -7*h - 922 + 6844. What is the hundreds digit of h?
8
Let p be (-14)/3*888/(-16). Let d = 7 + p. What is the tens digit of d?
6
Let g(c) = -c**3 + 2. Let s be g(0). Let q(y) = -y**2 - 3*y + 5. Let a be q(0). Suppose -a*b = 2*k - 82, 0*b + 4*b = -s*k + 66. What is the units digit of b?
6
Let n = -19 + 22. Suppose -2*g - 300 = -4*l, 0 = -n*l - g + 139 + 81. What is the tens digit of l?
7
Let y(o) = o**2 - 15*o + 60. Let i be y(19). Suppose r - 5*w - i = 0, -17*r = -14*r - 3*w - 432. What is the units digit of r?
6
Suppose -f - 510 = -3*y, 4*f - 183 = -4*y + 3*y. Suppose h = -35 + y. Suppose h = 5*q - 29. What is the tens digit of q?
3
Suppose 2*i = -5*l - 3 + 14, -3*i = -2*l - 26. Suppose 31 = c - i. What is the units digit of c?
9
Let m be (3/(-2))/(3/(-6)). Suppose 2*h = -5*l + 49, -54 = -m*h - 0*l - l. Suppose 2*g = -o - g - 11, -3*g = -5*o + h. What is the units digit of o?
1
Let k = 18 - 13. Suppose 60 = k*t - 5*o, -t + 2*o + 2 = -11. What is the tens digit of t?
1
Suppose 0 = 24*r - 18*r - 8700. What is the thousands digit of r?
1
Suppose -19*w = s - 15*w - 1518, -4639 = -3*s + 5*w. What is the units digit of s?
8
What is the units digit of (-11157)/(-9) - (-22)/(-33)?
9
Let n(j) = 3*j**2 + j - 2. Let c be n(-2). Let v be (9/(-6))/((-6)/c). Suppose 3 = v*m + 9, 5*m + 119 = 4*y. What is the tens digit of y?
2
What is the units digit of -1*1*29/(319/(-49940))?
0
Suppose -2*u = -13 - 11. Suppose -2*x + 0 = u. Let t = 17 + x. What is the tens digit of t?
1
Let p = 4799 + -3345. What is the hundreds digit of p?
4
Suppose 2*o = -g - 23, 5*o + 2*g = 44 - 103. Let m = o + 9. Let r = 18 - m. What is the tens digit of r?
2
Let c = 288 - -3542. Wha